-4) + 11 + -1)?
-18
Calculate -46 - ((-22 - 29) + 5).
0
135 - 159 - (-7 - 2) - (-80 + 7)
58
Evaluate (-72 - -2 - (1046 + -1077)) + 55.
16
-19 + -72 + (28 - -113)
50
Calculate (-61 - -17) + 79 + 18.
53
Calculate 9 + (8 - (2570 + -2572 - ((-5 - 1) + 1))).
14
-1 + 36 + (3 + -18 - -13)
33
11 + -8 + 10 + 14 - (2 - -12)
13
120 + (-154 - -123) + -176
-87
Calculate (-17 - 1 - (-2 - -21)) + -2 + 15.
-24
Calculate -124 - (-44 + -34 + 10 + 26).
-82
Evaluate (-3 + -1 - 13) + -9 + (-6 - -13).
-19
222 + -223 + (-3 - 0) - (-2 - -1) - 63
-66
What is the value of -196 - -173 - (-10 + -2)?
-11
What is the value of -6 + 74 - (200 - 223) - (16 + 1)?
74
Calculate (33 - 4) + (101 + -102 - 77).
-49
Evaluate (-27 - (-43 + 28)) + (-7 - 42).
-61
Calculate 32 + 7 + (-9 + 12 + 2 - 17).
27
-6 + -23 + 40 + (23 - -7)
41
What is the value of -51 - (-20 + (5 - 19) + 12)?
-29
Calculate -1 + 93 + (-10 - 8 - -12) + -18.
68
What is -8 - ((2 - 82) + (7 - -11) + -1)?
55
Calculate -17 - (-47 - ((181 - 172) + (1 - 8))).
32
What is 12 + -5 + -14 + 6 + -1 + 12 + 23?
33
Calculate 9 - (-29 - (12 + (-33 - -48))).
65
-37 + (595 - 591) + 0 + (2 - 4 - 8)
-43
What is the value of 93 + 4 - (-15 + -2 - (-9 - (14 + -7)))?
98
(-74 - -113 - (-15 - (-2 + 0))) + -7 + 0
45
What is the value of 56 + -5 + (-44 - -11) - 42?
-24
What is the value of 105 - -1 - (-14 + -1 - (-44 + (-156 - -175)))?
96
What is the value of 48 + -22 + (-1 - 95)?
-70
Evaluate 1 + 98 + -22 + -53.
24
What is 53 + (24 + -5 - 28)?
44
What is (18 - (14 + 15) - -1) + -12 + 22?
0
(-48 - -54) + 4 + (-4 - (-8 + 5))
9
(2 - (1 + 85)) + (15607 - 15565)
-42
34 - (40 - -54) - -57
-3
-14 - (11 - -39 - 31)
-33
Calculate 4 - 6 - (400 - 332).
-70
What is -17 + (-12 + -3 + 4 + -10 + 23 - 10)?
-25
What is the value of -46 + (29 - (-36 + 55))?
-36
What is -18 + (14 + -23 - -4) - (-11 + 1)?
-13
Evaluate 0 + -13 + (45 - 74).
-42
What is (-56 - -34) + -27 - -63?
14
Evaluate (11 - (3 + 21 + -1)) + 67.
55
What is the value of -3 + (30 + 4 - 13) + -28?
-10
What is the value of 13 + 8 + 14 + -27 + (5 - (42 - -4))?
-33
What is -130 + (128 - (40 + 6))?
-48
Calculate -5 + (6 - -11) - (-11 + -43).
66
Calculate 104 - (62 + 37) - -32.
37
(-2 - -19) + -21 + (-30 - (-2 + (4 - 12)))
-24
Evaluate 2 + 2 + 0 - (18 + -24 + 28 - 44).
26
What is 31 + 6 - (-410 - -474) - (0 - -1)?
-28
(-15 - 0 - (185 + -190)) + (20 - 0) + -6
4
What is the value of 5 - -27 - (2 - (-1 + -8 + 1))?
22
Calculate (62 - 80 - (-8 - 12)) + (1 - 2) + -44.
-43
Evaluate 69 - (75 - -22) - -28.
0
Evaluate -100 + (464 - 337) - (57 + 1).
-31
What is the value of 18 + (-51 - (32 + -35))?
-30
What is -67 + -1 - (41 + (12 - 74))?
-47
Calculate 9 - 2 - (-19 + 20) - (12 - -52 - -11).
-69
What is 15 - (111 + -50 + -44)?
-2
-6 - -14 - (-8 - -14 - 0) - 45
-43
Evaluate 10 + (-3 + -4 + -5 - -17).
15
52 + (-22 - -18 - (-5 + 3) - -3)
53
-1 - 47 - (-337 - -317) - -13
-15
(-1349 - -1342) + (10 + -3 - 24)
-24
-46 + -125 + 88 - 38
-121
What is 30 - (-29 + (33 - -50 - 25))?
1
Calculate 102 + -113 - (5 + (2 - (4 - 3)) + -96).
79
-2 + 25 + (-6 + 1 - ((-3 - -2) + -11))
30
What is the value of -8 - (-10 - (-72 + 4 + (-10 - -22)))?
-54
What is 13 - -10 - 25 - -6 - 27?
-23
What is -8241 + 8275 + (0 - -21)?
55
What is (-15 - -1 - ((-13 - -9) + -23)) + (-3 - 0)?
10
Evaluate 13 + (-144 + 125 - (-2 + 2 + -9)) + -13.
-10
(-1 + 11 - (-8 - -10)) + -24
-16
(0 - 42 - 0) + 15 + 20 - 114
-121
-245 + 272 - (-7 - -45)
-11
Calculate (1 - 32) + 4782 + -4753.
-2
What is (22 - -10) + 90 + -112?
10
Calculate 128 - (67 + (-89 - -57)).
93
What is 11 - 0 - (5888 - 5908)?
31
What is (12 - 61) + -42 + 40 + 0?
-51
What is 34 + (15 - 33) + -11 - -18?
23
What is the value of (28 - (8 + -10)) + 17 + 13?
60
What is 22 + 47 + 5 + -25 + (2 - (11 + 1))?
39
110 + -84 - (5 + 4 - -6)
11
-3 - -27 - -15 - (-11 + (2 - -17))
31
What is 642 + -641 + 2 + (-2 - (-4 + 3))?
2
What is (3 + ((-5 - -17) + 0 - 8) - 20) + -3?
-16
115 + 8 - 52 - (10 - 0)
61
-6 + -32 + 131 + -60
33
What is the value of -16 + -40 + -29 + 50 + -54?
-89
Evaluate 63 - ((87 - 75) + 6).
45
Evaluate 10 + (-1 - -10) + 8 - (27 + -35).
35
What is 2 + -6 - (69 - (118 - -5))?
50
What is 2 + -25 - (-53 - (19 - 75))?
-26
What is the value of (-9 - (1 - 2 - -2)) + -68 + (77 - 34)?
-35
What is 2 - -55 - (81 + -7 + -73)?
56
What is -167 + 174 + 36 + (-8 + 1 + 1 - -3)?
40
What is the value of 7 + 4 + (3 - (2 + 10)) - (58 + 10)?
-66
What is the value of 25 - -3 - 10 - (46 + -53)?
25
Calculate (-67 - -15) + 57 - (-1 + 20).
-14
What is the value of -45 + 42 - (2 - ((-7 - -1) + 49))?
38
Calculate (-1810 - -1821) + 30 + -1.
40
Calculate -27 + -4 + -91 + -52 + 133.
-41
What is 6 - (-183 - -108 - 21)?
102
16 + (-27 - (113 + -118))
-6
Calculate -52 - (7 - (22 - 20)).
-57
What is the value of 52 - (16 - (-4 - 4 - (-21 - 3)))?
52
What is 7 - (55 - 69 - ((-1 - 20) + 1))?
1
Calculate (0 - 1) + -29 + (-3162 + 3156 - (-11 + -1)).
-24
Calculate (14 - (47 + -17) - -23) + (5 - -22).
34
What is the value of -2217 + 2311 + -1 + -135?
-42
Evaluate (27 - (14 - -13)) + 32.
32
What is the value of (-7 - (-1 - (-4 - -2))) + -135 + 153 - -31?
41
Calculate (-66 - (10 + -53)) + (0 + 21 - 3).
-5
-1974 - -1980 - (0 + (3 - 3) + -45 + 1)
50
What is the value of -27 - (32 + -32 - 32) - (-50 + 1)?
54
Evaluate -1 + 0 + -38 + 40 + (-7 - 14).
-20
Evaluate (1 - -1) + -9 + (9 - 0) + (-6 - 14).
-18
Calculate 25 + (46 + -56 - 36).
-21
Calculate (-3 - -5 - 15) + 71 + 0 - 7.
51
Evaluate 8 + (-17 - (5 + 3)) + -12.
-29
Evaluate (-2 - 19) + (44 - 37) - 2.
-16
Evaluate (4 - 6 - 4 - -6) + (7 + 10 - -27).
44
112 + -30 - 40 - 3
39
Calculate -1019 + 985 - (1 - 38).
3
What is -13 - -9 - ((6 - -3) + 9 + -18)?
-4
What is 0 - (244 + -309 - (3 + -3 - 13 - 2))?
50
53 - ((-9 - -22) + -3 + -36)
79
Evaluate -11 - (12 + -21 - (-10 - (9 - (0 + 11)))).
-10
Calculate 74 - -81 - (93 - 4) - ((1 - 0) + -11).
76
Calculate 29 - (12 - (11 + (32 - 21))).
39
What is -899 - -861 - (12 - 0)?
-50
What is the value of -6 + 120 - (1557 - 1557)?
114
What is the value of (-6 - -11 - -4) + -4 + (-8 - -13) + -8?
2
Calculate (-8 - 70) + (60 - (1 - -28)).
-47
Evaluate -23 + 14 + -5 - (27 - 116).
75
What is the value of -58 - (-76 + -15) - 29?
4
Calculate 2 + 1 + 28 + -23 + -28 + 91 + -6.
65
What is -133 - ((-131 - -163) + -201)?
36
Calculate (9 + 1 - (1 + -46)) + (-48 - -38).
45
What is 11 - (-31 + 46 + -32) - 70?
-42
Calculate (9 - (-4 + 126)) + (-334 - -346).
-101
What is the value of 41 + 21 + -47 + 46 + (8 - -1) + -19?
51
What is the value of -83 + 0 - (-111 - (51 + -149))?
-70
-49 + 12 + 22 - (-1 - -55)
-69
What is the value of (-436 - -416) + 52 + 4?
36
What is -17 + (0 - (19 + -11)) - -48?
23
Evaluate -179 + 55 + 49 - -132.
57
Calculate 44 - ((-2 - -6 - -1) + 3 - (-8 + 19)).
47
Evaluate (0 - (7 + -4 + -6)) + (1 - 2) + -39.
-37
What is the value of -13 + 30 + -11 + 18 + -32?
-8
-2236 + 2254 + -1 + 38
55
Calculate -79 + -55 + 84 - (-3 - -5 - -9).
-61
What is -128 + 147 + -38 + -21?
-40
What is (1 - ((-7 - (9 - (-1 - -5))) + -1)) + 46?
60
What is the value of 25 - -19 - (-19 - (12 - 8))?
67
Evaluate -14 + 40 - (-8 + 3 - -15).
16
(65 - 65) + 6 + -22 + 127
111
Evaluate 82 + -36 + (-31 - -2) - (84 + 9).
-76
(27 - -116) + -215 + (-1 - -18)
-55
Calculate (-32 + -30 - -47) + 41.
26
Calculate (-38 - 69) + 101 + (-2 - (2 - 7)) + 12.
9
What is the value of 3 + (1 + 48 - (927 + -959))?
84
-21 + 5 - (-22 + 43 + (17 - 8))
-46
-11 + (25 - -8) - (-11 + (-27 - -38))
22
Evaluate 0 - (-6 - 4) - (-1 + 8 + -22 + 18).
7
What is (12 - (-2 + 0 + (3 - (10 + -14)))) + -43?
-36
Evaluate -121 + (-12 - -5) + 3 + -1910 + 1923.
-112
Calculate 42 - (37 - (65 - 20)).
50
What is (-4 - (-20 + 13)) + -55 + -3?
-55
Evaluate -14 + (-4 + -11 + 16 - -33) - -4.
24
-2 + 18 + 36 + (-39 - 10)
3
Evaluate -18 + (15 + 33 - -7).
37
What is the value of 83 - (12 - 31 - -75)?
27
Calculate (-55 - -17 - -30) + -10 + -3.
-21
What is the value of (41 + 78 - 62) + -99?
-42
What is the value of 4 + 5 + (12 - (-2 + -6 + -22))?
51
Evaluate 4 + -67 - (-1483 + 1484).
-64
31 + -18 - -17 - (-50 - -29)
51
What is the value of -8 - (-24 + 14 + -8 + 12) - -82?
80
Evaluate (-29 + 18 - 32) + -25 - (-3 + 1).
-66
Calculate -36 - (-4 - 0) - 28.
-60
-48 + -3 - 31 - -23
-59
What is the value of -50 - 3 - ((30 - 123) + 109)?
-69
What is 74 + -79 + 9